at is 1100 + -1011?
12
In base 8, what is -20 + -63?
-103
In base 4, what is 10 - -11102?
11112
In base 2, what is 0 + -11111010?
-11111010
In base 10, what is -172 + -1?
-173
In base 6, what is -1 + -4?
-5
In base 2, what is 1110000111 + -101?
1110000010
In base 3, what is -221 - 1202000?
-1202221
In base 8, what is 10623 - -6?
10631
In base 3, what is 1010021 + 112?
1010210
In base 16, what is 28 + 2e?
56
In base 5, what is 144 + 3?
202
In base 15, what is 1 - 19?
-18
In base 13, what is 80 - 3?
7a
In base 12, what is -3 + 194?
191
In base 2, what is -110111 + 100?
-110011
In base 2, what is 0 - -111111101?
111111101
In base 5, what is 13021 - 13?
13003
In base 4, what is 23 + 30?
113
In base 12, what is -30 - 16?
-46
In base 6, what is 323 + 102?
425
In base 9, what is 4 + -647?
-643
In base 10, what is -5 - -62?
57
In base 14, what is 6 + -25?
-1d
In base 8, what is 0 + -622?
-622
In base 13, what is -8aa + -4?
-8b1
In base 5, what is -14 - 100?
-114
In base 16, what is -12 - 10?
-22
In base 12, what is -4 + 73?
6b
In base 2, what is -11111000 - 0?
-11111000
In base 10, what is 4 - 715?
-711
In base 14, what is 5 + 35a?
361
In base 11, what is -80 - 9?
-89
In base 4, what is 20003110 - 0?
20003110
In base 5, what is 133 + 4?
142
In base 13, what is -3 + 35?
32
In base 11, what is -4 + 5aa?
5a6
In base 16, what is 1e4 + -7?
1dd
In base 10, what is -9 - 18?
-27
In base 8, what is 50 + 15?
65
In base 8, what is -16252 + -2?
-16254
In base 3, what is -2110 + -1?
-2111
In base 5, what is -104243 - 2?
-104300
In base 4, what is 133000 + -11?
132323
In base 15, what is -1944 + 8?
-193b
In base 3, what is 22 - -10022?
10121
In base 8, what is -111 - 23?
-134
In base 16, what is -1ff - 5?
-204
In base 14, what is -7 + 26?
1d
In base 12, what is -2 + 238?
236
In base 13, what is -b7 + -4?
-bb
In base 11, what is -2 + 474?
472
In base 3, what is -1220110 + -11?
-1220121
In base 9, what is 2 - 56?
-54
In base 12, what is -4b5 + 0?
-4b5
In base 11, what is -591 - 5?
-596
In base 15, what is -14 - -3?
-11
In base 10, what is 3 - -1478?
1481
In base 11, what is -3 + -32?
-35
In base 13, what is -4 - -b7?
b3
In base 6, what is -222301 + -2?
-222303
In base 16, what is 51 + 56?
a7
In base 7, what is 3664 + -4?
3660
In base 11, what is -442 + 1?
-441
In base 10, what is 1 - 32?
-31
In base 4, what is 10321 + -21?
10300
In base 15, what is -10 - 0?
-10
In base 7, what is -406 + -56?
-465
In base 16, what is -b + 17d?
172
In base 10, what is 42 - 6?
36
In base 15, what is 10 - 2?
d
In base 14, what is 34 - -3?
37
In base 5, what is -113 - 44?
-212
In base 8, what is -71 + -35?
-126
In base 13, what is -4 - -4a?
46
In base 11, what is 2330 - 0?
2330
In base 3, what is -102002 + 1221?
-100011
In base 5, what is -13002 - 4?
-13011
In base 9, what is 0 + -30?
-30
In base 3, what is -10011111 - 10?
-10011121
In base 5, what is 10 - -11023?
11033
In base 5, what is -1113211 + 3?
-1113203
In base 7, what is 1 + -52?
-51
In base 3, what is -11 - 0?
-11
In base 12, what is -5 + -6b?
-74
In base 11, what is -353 + 14?
-33a
In base 4, what is -11 - 102?
-113
In base 16, what is 6 + 2c?
32
In base 5, what is -34 + -3000?
-3034
In base 2, what is 10000100011 - 1?
10000100010
In base 8, what is 304 + -4?
300
In base 10, what is 2605 + 3?
2608
In base 15, what is 5 - -700?
705
In base 3, what is 222001 + -102?
221122
In base 7, what is -1 + -2501?
-2502
In base 10, what is -5 + 235?
230
In base 4, what is 10 - -33212?
33222
In base 7, what is -503 + -14?
-520
In base 15, what is d10 + 1?
d11
In base 5, what is -20213 + 2?
-20211
In base 2, what is 11 - -11011000110?
11011001001
In base 16, what is -12 - 1ea?
-1fc
In base 11, what is -1 - 343?
-344
In base 15, what is 1 - -48?
49
In base 6, what is 15 - 403?
-344
In base 3, what is 12 + -2102?
-2020
In base 7, what is -1 + 540?
536
In base 10, what is 7 - -1?
8
In base 9, what is 1 - 52?
-51
In base 8, what is -17355 - 2?
-17357
In base 5, what is -214 + -12?
-231
In base 3, what is -2112202 + -11?
-2112220
In base 10, what is -143 + -5?
-148
In base 8, what is 43 - -3?
46
In base 11, what is 94 - 2?
92
In base 7, what is 2 + 652?
654
In base 7, what is -445 - 14?
-462
In base 14, what is -3 - -173?
170
In base 5, what is -4 + 201?
142
In base 5, what is 4 - 202?
-143
In base 13, what is 1734 + -1?
1733
In base 7, what is -5 - -123?
115
In base 4, what is -102 + -22?
-130
In base 7, what is -145 + -11?
-156
In base 10, what is -879 + -5?
-884
In base 14, what is 0 + -94?
-94
In base 12, what is 1842 - 1?
1841
In base 10, what is 3 + -6063?
-6060
In base 12, what is 0 - -7?
7
In base 8, what is 1 - -4206?
4207
In base 10, what is 4 + 916?
920
In base 7, what is 1 + -11?
-10
In base 15, what is -6 - -274?
26d
In base 9, what is -242 + -1?
-243
In base 12, what is -5 - 37a6?
-37ab
In base 10, what is 7 - 2?
5
In base 7, what is -40125 - 2?
-40130
In base 15, what is -6 + 12?
b
In base 2, what is 10110 - -1000101110?
1001000100
In base 7, what is 366 - -1?
400
In base 11, what is 11 + 3?
14
In base 4, what is -1330 + 12?
-1312
In base 8, what is 4 - 220?
-214
In base 9, what is 235 + -10?
225
In base 11, what is 6 - 94?
-89
In base 15, what is 1c - 6?
16
In base 8, what is 2 - -215?
217
In base 10, what is -115 + -5?
-120
In base 9, what is 27 - -22?
50
In base 2, what is -10101100 - -10?
-10101010
In base 10, what is 318 + -2?
316
In base 8, what is 1734 + -2?
1732
In base 10, what is -32 - -6?
-26
In base 12, what is 52 - b?
43
In base 2, what is 0 - 10011011100?
-10011011100
In base 4, what is 11 - -3300?
3311
In base 5, what is 142242 - 0?
142242
In base 10, what is -53 + -4?
-57
In base 4, what is 1310 - 3?
1301
In base 5, what is -2230 + 1?
-2224
In base 3, what is -1001212 + -1022?
-1010011
In base 8, what is -22261 - -5?
-22254
In base 14, what is -9 + -164?
-16d
In base 12, what is -3b47 - -4?
-3b43
In base 4, what is -2 + -320?
-322
In base 14, what is -32a + -4?
-330
In base 4, what is 1100031 + -12?
1100013
In base 3, what is -12 + 2222001?
2221212
In base 7, what is 6020 - 3?
6014
In base 13, what is 5c - 19?
43
In base 7, what is 600 + -4?
563
In base 7, what is 33 + -1?
32
In base 4, what is 102223 + 11?
102300
In base 2, what is 10 - 110101?
-110011
In base 3, what is -11 + 200?
112
In base 4, what is 10 + 13000?
13010
In base 10, what is 3 + 231?
234
In base 3, what is 1022020 - 11?
1022002
In base 16, what is -6e - -3?
-6b
In base 8, what is -1 - -1770?
1767
In base 13, what is -1301 - -2?
-12cc
In base 7, what is 46466 + 1?
46500
In base 12, what is 38 + -72?
-36
In base 13, what is 95 - 1?
94
In base 6, what is -2 + 114?
112
In base 14, what is -179 - -12?
-167
In base 12, what is 39 - -b9?
136
In base 5, what is 13 + -104?
-41
In base 3, what is -1112 + 0?
-1112
In base 12, what is -19b6 - -5?
-19b1
In base 11, what is 58 - 1?
57
In base 4, what is 11 - -12110?
12121
In base 6, what is -234 + -1?
-235
In base 11, what is 339 - -5?
343
In base 16, what is -2 - 20e?
-210
In base 16, what is -2 + -23?
-25
In base 2, what is -11 - -10110?
10011
In base 12, what is 269 + -5?
264
In base 13, what is -72c + 2?
-72a
In base 3, what is 0 - -120?
120
In base 5, what is -1 - -102402?
102401
In base 8, what is -13 + 5?
-6
In base 11, what is -2 - -2289?
2287
In base 8, what is 2601 - 3?
2576
In base 10, what is 3 + 779?
782
In base 11, what is 1929 - -2?
1930
In base 7, what is 3 - 2212?
-2206
In base 3, what is 0 + -2001?
-2001
In base 11, what is 70 - 14?
57
In base 10, what is 3774 + -4?
3770
In base 15, what is -714 - 3?
-717
In base 4, what is 1032 - -10?
1102
In base 11, what is -3 - -154?
151
In base 9, what is 316 + -3?
313
In base 2, what is 100010010 + 0?
100010010
In base 15, what is -7 - -ea?
e3
In base 2, what is 110 + 100011?
101001
In base 14, what is 77 + -3?
74
In base 7, what is -131 - 3?
-134
In base 3, what is 11 + 1111110?
1111121
In base 15, what is 7eb7 + -1?
7eb6
In base 2, what is -10000111100101 + 1?
-10000111100100
In base 5, what is -4132 + -4?
-4141
In base 12, what is 122 - 2?
120
In base 14, what is -b1 + 4?
-ab
In base 4, what is 1320 + -3212?
-1232
In base 16, what is 0 - 264?
-264
In base 10, what is -22 - -19?
-3
In base 13, what is 5 + -130?
-128
In base 13, what is 2 + -b0c?
-b0